f c?
5, 79
Let p be (-26)/(-8) + 11/(-44). Suppose -3*x - 4*s + 1175 = 0, -1094 = -p*x - 5*s + 77. What are the prime factors of x?
397
Suppose 10*l + 12849 - 259 = 0. Let r = 2034 + l. What are the prime factors of r?
5, 31
Suppose 4*w = -4*c + 19488, 4896 = -16*w + 17*w - 5*c. What are the prime factors of w?
2, 23, 53
Let h = 1650 + -835. Suppose 0 = 4*d - h - 3917. List the prime factors of d.
7, 13
Let a(k) = -196*k**3 - 7*k**2 + 144*k + 834. List the prime factors of a(-6).
2, 3, 43, 163
Let j be 1/2 - 2/(-4). Let n be (6/2)/((-2)/(-16)). List the prime factors of (n + (-2)/(-2))*j.
5
What are the prime factors of 1*36/84 + 88418/14 - 3?
59, 107
List the prime factors of -14 + ((-581350)/(-5))/10.
3, 7, 79
Let t be 1482/152*(-376)/(-3). Let v = t - 746. What are the prime factors of v?
2, 7, 17
Let n be (-3*(-2)/(-3))/((-6)/15). Suppose n*r - 9281 = -3*o - 3695, 0 = 4*r + 12. What are the prime factors of o?
1867
Let l(o) = 2*o**2 - 33*o - 59. What are the prime factors of l(25)?
2, 3, 61
Let f(t) = 3*t**3 - 12*t**2 - 2*t + 3. Let b be f(5). Let x(r) = -3 - 18 + b*r - 73*r. List the prime factors of x(-9).
2, 3
Let t = -7 - -7. Let c(n) = 3*n + 2. Let l be c(t). Suppose 0 = -3*w, 0 = -l*i + 7*w - 2*w + 190. What are the prime factors of i?
5, 19
Let x(y) = -55425*y**3 + y**2 + 5*y + 4. List the prime factors of x(-1).
3, 5, 739
Let j = -8110 - -16138. List the prime factors of j.
2, 3, 223
Let t = 273 - 290. Let y(q) = 6*q**2 + 66*q - 21. List the prime factors of y(t).
3, 197
Suppose -3*m + 11 = 4*v, 2*v - 6*v + 2*m = 14. List the prime factors of (449 - 67) + (v + 1 - 3).
379
Let l be (4 + -2 + -4)*21/(-42). Let g be 10/2*1*3/l. Suppose -5*r + 5*v = -185, -4*r + g = 5*v - 160. List the prime factors of r.
2, 5
Suppose 0*v = -3*v - 3*q - 21, -20 = -4*q. List the prime factors of (52/v - 9)*162/(-4).
2, 3, 5
Let j(c) = -c**3 + 5*c**2 - 4*c + 3. Let h be j(4). Let u(s) = 10*s - 1. Let d be u(h). Suppose 5*l - 106 - d = 0. List the prime factors of l.
3
Let j(h) = -3*h**2 - 60*h - 4. Let u(m) = -m - 3. Let w be u(9). List the prime factors of j(w).
2, 71
Let p(s) = s**3 - 3*s**2 - 10*s + 2. Let h be p(5). Suppose 3*u + 4*q = -212, 3*u - h*q + 388 = -2*u. Let v = u + 214. What are the prime factors of v?
2, 3, 23
What are the prime factors of (-2693)/(6 - (-65)/(-10))?
2, 2693
Let r(w) = w**3 + 17*w**2 + 34*w + 28. Suppose -20 = -2*l - 3*y, -22 = -3*l + y + 19. Let z be (l/(-12)*-6)/((-1)/2). What are the prime factors of r(z)?
2, 131
Let y(a) = 3*a**2 - 1. Let p be y(1). Suppose 8*m - 292 = -324. What are the prime factors of (-104)/(p/4*m)?
2, 13
Let k be 9 - 13 - (-1 - -2 - 3692). Suppose 534 = 3*h - k. Suppose q - 8*q = -h. What are the prime factors of q?
3, 67
Let f(v) = -2*v**2 + 29*v - 51. Let c = -81 - -99. Let q be f(c). Let o = -27 - q. List the prime factors of o.
2, 3, 5
Let t be 2/3*1 - 286/(-3). Let z = t - 98. Let i(f) = -8*f**3 - 3*f**2 - 4*f - 3. What are the prime factors of i(z)?
3, 19
Suppose 6*y = -k + 2*y + 3, -4*k - 2*y + 12 = 0. Let t(x) = x**2 + 2*x - 6. Let f be t(2). Suppose k*d = 12, w + d + 148 = f*w. What are the prime factors of w?
2, 19
Suppose 0 = 5*x + 42 - 197. Let w = 15 - x. Let q = -10 - w. What are the prime factors of q?
2, 3
Let a(y) = 14306*y - 1008. What are the prime factors of a(3)?
2, 3, 5, 11, 127
Suppose -3*y + 3*s + 41010 = 0, -5*s + 46748 = 3*y + 5674. What are the prime factors of y?
2, 7, 977
Let c = -24 - -203. What are the prime factors of c?
179
Let t(l) = 135*l + 8. Let p be (-1 + 3)/(1/(3/2)). Let a be p/(-3) + 4/(-2) + 4. List the prime factors of t(a).
11, 13
Suppose -20740 = 31*i - 380898. What are the prime factors of i?
2, 37, 157
What are the prime factors of (14/6)/(148/100788)?
7, 227
Let q be -709 + 6/(-3 + 1). Let r = -364 - q. What are the prime factors of r?
2, 3, 29
Suppose 0 = 7*r - 2 - 47. Let l be (-3 + 5)*-2 + r. What are the prime factors of l*((-14)/(-21))/((-2)/(-3))?
3
Suppose 1141*a - 1148*a - 7 = 0. Suppose 5*r - 2*o = -5*o - 11, 3*o + 4 = 2*r. What are the prime factors of r*278/a*(-6)/(-12)?
139
Suppose -43695 - 96790 = -72*g + 41459. List the prime factors of g.
7, 19
List the prime factors of (6 + -3 - 314910/(-4))*(-4)/(-6).
73, 719
Let x(d) = 9*d**3 + 4*d**2 + 6*d - 1078. Let z(m) = 2*m**3 + m**2 + m + 1. Let v(g) = -x(g) + 4*z(g). List the prime factors of v(0).
2, 541
Let y = -261 - 1274. Let p = y + 2458. What are the prime factors of p?
13, 71
Suppose 34*y - 32*y = 46. Suppose 0 = -2*x + 23 - y. What are the prime factors of (-17)/68 + x + 925/4?
3, 7, 11
Let t(g) = 9*g**2 - 12*g + 10. Let r = 86 - 79. What are the prime factors of t(r)?
367
Suppose 2363 - 11905 = -z. List the prime factors of z.
2, 13, 367
What are the prime factors of (-10)/70 - 6887516/(-238)?
43, 673
Let n = 10082 + -5647. List the prime factors of n.
5, 887
Let k = -51 - -53. Suppose 0 = k*d - q - 1, 2 + 2 = d - 4*q. Suppose 3*z + 104 - 386 = d. List the prime factors of z.
2, 47
Suppose -9*j + 47336 = -175873. What are the prime factors of j?
3, 7, 1181
Suppose 4*m - 3*k - 1829 = 0, -4*m - k + 2571 = 722. Let o = m - 79. List the prime factors of o.
2, 191
Let g = 94 + -79. Let a(q) = -4*q - 1 + 13*q + g*q. What are the prime factors of a(3)?
71
Let s(a) = a**2 + 7*a - 11. Let v be s(-9). Suppose -4*w + 3*u = 20, 5*w - 2*u = -v*u + 10. List the prime factors of w/(8/(-234)) + (-51)/(-102).
59
Suppose -2*s + 2*m = 2*s - 864, -2*s = 4*m - 442. Let q(i) = -i**3 + 71*i**2 + 68*i + 155. Let g be q(72). Let f = s + g. List the prime factors of f.
2, 3, 7
Suppose 4*v - 3*v = 2678. List the prime factors of v.
2, 13, 103
Let o(a) = a**3 + 43*a**2 + 70*a - 53. List the prime factors of o(-41).
439
Let t be (12/16*24)/(-11 - -12). Suppose 0*i + 3*i + 9 = 0. What are the prime factors of -302*i*3/t?
151
Suppose 0 = 2*n, -2*n + 548 = c - 4*n. Suppose 3*j + c = 5*j. List the prime factors of j.
2, 137
Let x be ((-19530)/(-16) - 3) + (-6)/(-16). Let t = -727 + x. List the prime factors of t.
491
Suppose 4*p - 5*p + 19 = 3*w, 0 = 4*w - 4*p - 52. Suppose -w*g - 5131 = -875. List the prime factors of (g - 3)*14/(-35).
2, 107
Suppose -22*p + 12 = -10*p. What are the prime factors of 346 - p - ((-30)/6 + 6)?
2, 43
Suppose -2*a + a + 8 = -3*t, -4*t - 2 = 3*a. Let l be (648/(-3))/a - (0 - 0). Let z = 151 + l. What are the prime factors of z?
43
Let b(o) = -3*o**3 - 5*o**2 - 4*o. Let p be b(-2). Suppose 4*q - 436 = -5*d, d = -2*d - p. Suppose -26 = -5*i + q. What are the prime factors of i?
2, 7
List the prime factors of (0 - -3348)*((-3)/5)/((-10)/50).
2, 3, 31
Let v be (2 - (-20)/(-3))*18/(-4). Let z = 188 + v. Let n = -143 + z. List the prime factors of n.
2, 3, 11
Let p be (-4)/(-10) + 42/(-5). Let o = p + 10. Suppose -5*j + o*l = -53, -2*l = 5*j + 36 - 93. List the prime factors of j.
11
Let j = -84 - -70. What are the prime factors of 484/j*(-210)/15?
2, 11
Let k(v) = -833*v**3 + 3*v**2 + 3*v - 1. Let d be k(-1). Let b = -566 + d. List the prime factors of b.
2, 7, 19
Let d(l) = -5*l**3 - l**2 - l + 2. Let o be d(1). Let j(m) = 18*m**2 + 4*m - 6. What are the prime factors of j(o)?
2, 53
Suppose 5*g + 5*y = y + 560, 339 = 3*g + 3*y. Suppose 3*z - 4*k = 23 + g, z = 2*k + 47. Suppose 0 = -z*i + 36*i + 167. List the prime factors of i.
167
Suppose 4*y = -4*m + 1828, 2*y - 15 = -3*y. Let o = m + -254. List the prime factors of o/4*-1*(-2 + -2).
2, 5
Let y = -102340 + 144496. List the prime factors of y.
2, 3, 1171
Suppose 5*n = 4*y - 141010, -176201 = 141*y - 146*y - 4*n. What are the prime factors of y?
5, 7, 19, 53
Let p(n) = 5*n**3 - 2*n**2 + 3*n. Let l be p(2). Let k = 42 - l. Suppose -2*c - 2*c = -k*f - 56, f - 28 = -2*c. List the prime factors of c.
2, 7
Let a be (-6 - (3 + -2)/1)/(-1). Let i(u) = u**2 - 9*u + 9. Let c be i(a). List the prime factors of c/(-15) - 1000/(-6).
167
Let x be (-9)/(-18) + (-2135)/10. List the prime factors of 7 - (-8 + 0 + x).
2, 3, 19
Let n = -38 + 40. Suppose -n*c - c - 195 = 0. Let y = 94 + c. What are the prime factors of y?
29
Suppose 7*i = 2*i + 65. Let n be ((-18)/(-15))/(((-156)/40)/i). What are the prime factors of (n + 1)/1*(-478)/6?
239
What are the prime factors of 9 - (-12 + 8) - -3100?
11, 283
Suppose 5*a - 4*b + 20 - 125 = 0, 0 = -4*b. Let i(w) 